{"id":27144,"date":"2026-03-19T17:45:38","date_gmt":"2026-03-19T17:45:38","guid":{"rendered":"https:\/\/lolanstudio.com\/?post_type=product&#038;p=27144"},"modified":"2026-04-15T17:29:04","modified_gmt":"2026-04-15T17:29:04","slug":"uyanisin-gozu","status":"publish","type":"product","link":"https:\/\/lolanstudio.com\/index.php\/urun\/uyanisin-gozu\/","title":{"rendered":"Uyan\u0131\u015f\u0131n G\u00f6z\u00fc"},"content":{"rendered":"","protected":false},"excerpt":{"rendered":"<p>Berrak bir sabah\u0131n \u0131\u015f\u0131\u011f\u0131nda Lolan\u2019\u0131n g\u00fcm\u00fc\u015f\u00fcn\u00fcn serinli\u011fi, sedef ta\u015f\u0131n\u0131n e\u015flik\u00e7isiyle g\u00f6z\u00fc a\u00e7\u0131yor. Kirpiklerdeki mavi boncuklar g\u00f6ky\u00fcz\u00fcyle olan ba\u011f\u0131n\u0131 ta\u015f\u0131yor. Titrek gibi g\u00f6r\u00fcnen mavi ta\u015flar asl\u0131nda kendinden emin ve taze bir g\u00fcne haz\u0131r.<\/p>\n","protected":false},"featured_media":27151,"comment_status":"open","ping_status":"closed","template":"","meta":[],"product_brand":[],"product_cat":[82],"product_tag":[],"class_list":{"0":"post-27144","1":"product","2":"type-product","3":"status-publish","4":"has-post-thumbnail","6":"product_cat-doga-serisi","8":"first","9":"instock","10":"shipping-taxable","11":"purchasable","12":"product-type-simple"},"yoast_head":"<!-- This site is optimized with the Yoast SEO plugin v27.4 - https:\/\/yoast.com\/product\/yoast-seo-wordpress\/ -->\n<title>Uyan\u0131\u015f\u0131n G\u00f6z\u00fc - Ma\u011fazam<\/title>\n<meta name=\"robots\" content=\"index, follow, max-snippet:-1, max-image-preview:large, max-video-preview:-1\" \/>\n<link rel=\"canonical\" href=\"https:\/\/lolanstudio.com\/index.php\/urun\/uyanisin-gozu\/\" \/>\n<meta property=\"og:locale\" content=\"tr_TR\" \/>\n<meta property=\"og:type\" content=\"article\" \/>\n<meta property=\"og:title\" content=\"Uyan\u0131\u015f\u0131n G\u00f6z\u00fc - Ma\u011fazam\" \/>\n<meta property=\"og:description\" content=\"Berrak bir sabah\u0131n \u0131\u015f\u0131\u011f\u0131nda Lolan\u2019\u0131n g\u00fcm\u00fc\u015f\u00fcn\u00fcn serinli\u011fi, sedef ta\u015f\u0131n\u0131n e\u015flik\u00e7isiyle g\u00f6z\u00fc a\u00e7\u0131yor. Kirpiklerdeki mavi boncuklar g\u00f6ky\u00fcz\u00fcyle olan ba\u011f\u0131n\u0131 ta\u015f\u0131yor. Titrek gibi g\u00f6r\u00fcnen mavi ta\u015flar asl\u0131nda kendinden emin ve taze bir g\u00fcne haz\u0131r.\" \/>\n<meta property=\"og:url\" content=\"https:\/\/lolanstudio.com\/index.php\/urun\/uyanisin-gozu\/\" \/>\n<meta property=\"og:site_name\" content=\"Ma\u011fazam\" \/>\n<meta property=\"article:modified_time\" content=\"2026-04-15T17:29:04+00:00\" \/>\n<meta property=\"og:image\" content=\"https:\/\/lolanstudio.com\/wp-content\/uploads\/2026\/03\/Uyanisin-Gozu-1.jpg\" \/>\n\t<meta property=\"og:image:width\" content=\"1000\" \/>\n\t<meta property=\"og:image:height\" content=\"1000\" \/>\n\t<meta property=\"og:image:type\" content=\"image\/jpeg\" \/>\n<meta name=\"twitter:card\" content=\"summary_large_image\" \/>\n<meta name=\"twitter:label1\" content=\"Tahmini okuma s\u00fcresi\" \/>\n\t<meta name=\"twitter:data1\" content=\"1 dakika\" \/>\n<script type=\"application\/ld+json\" class=\"yoast-schema-graph\">{\"@context\":\"https:\\\/\\\/schema.org\",\"@graph\":[{\"@type\":\"WebPage\",\"@id\":\"https:\\\/\\\/lolanstudio.com\\\/index.php\\\/urun\\\/uyanisin-gozu\\\/\",\"url\":\"https:\\\/\\\/lolanstudio.com\\\/index.php\\\/urun\\\/uyanisin-gozu\\\/\",\"name\":\"Uyan\u0131\u015f\u0131n G\u00f6z\u00fc - Ma\u011fazam\",\"isPartOf\":{\"@id\":\"https:\\\/\\\/lolanstudio.com\\\/#website\"},\"primaryImageOfPage\":{\"@id\":\"https:\\\/\\\/lolanstudio.com\\\/index.php\\\/urun\\\/uyanisin-gozu\\\/#primaryimage\"},\"image\":{\"@id\":\"https:\\\/\\\/lolanstudio.com\\\/index.php\\\/urun\\\/uyanisin-gozu\\\/#primaryimage\"},\"thumbnailUrl\":\"https:\\\/\\\/lolanstudio.com\\\/wp-content\\\/uploads\\\/2026\\\/03\\\/Uyanisin-Gozu-1.jpg\",\"datePublished\":\"2026-03-19T17:45:38+00:00\",\"dateModified\":\"2026-04-15T17:29:04+00:00\",\"breadcrumb\":{\"@id\":\"https:\\\/\\\/lolanstudio.com\\\/index.php\\\/urun\\\/uyanisin-gozu\\\/#breadcrumb\"},\"inLanguage\":\"tr\",\"potentialAction\":[{\"@type\":\"ReadAction\",\"target\":[\"https:\\\/\\\/lolanstudio.com\\\/index.php\\\/urun\\\/uyanisin-gozu\\\/\"]}]},{\"@type\":\"ImageObject\",\"inLanguage\":\"tr\",\"@id\":\"https:\\\/\\\/lolanstudio.com\\\/index.php\\\/urun\\\/uyanisin-gozu\\\/#primaryimage\",\"url\":\"https:\\\/\\\/lolanstudio.com\\\/wp-content\\\/uploads\\\/2026\\\/03\\\/Uyanisin-Gozu-1.jpg\",\"contentUrl\":\"https:\\\/\\\/lolanstudio.com\\\/wp-content\\\/uploads\\\/2026\\\/03\\\/Uyanisin-Gozu-1.jpg\",\"width\":1000,\"height\":1000},{\"@type\":\"BreadcrumbList\",\"@id\":\"https:\\\/\\\/lolanstudio.com\\\/index.php\\\/urun\\\/uyanisin-gozu\\\/#breadcrumb\",\"itemListElement\":[{\"@type\":\"ListItem\",\"position\":1,\"name\":\"Anasayfa\",\"item\":\"https:\\\/\\\/lolanstudio.com\\\/\"},{\"@type\":\"ListItem\",\"position\":2,\"name\":\"Shop\",\"item\":\"https:\\\/\\\/lolanstudio.com\\\/index.php\\\/shop\\\/\"},{\"@type\":\"ListItem\",\"position\":3,\"name\":\"Uyan\u0131\u015f\u0131n G\u00f6z\u00fc\"}]},{\"@type\":\"WebSite\",\"@id\":\"https:\\\/\\\/lolanstudio.com\\\/#website\",\"url\":\"https:\\\/\\\/lolanstudio.com\\\/\",\"name\":\"Ma\u011fazam\",\"description\":\"\",\"potentialAction\":[{\"@type\":\"SearchAction\",\"target\":{\"@type\":\"EntryPoint\",\"urlTemplate\":\"https:\\\/\\\/lolanstudio.com\\\/?s={search_term_string}\"},\"query-input\":{\"@type\":\"PropertyValueSpecification\",\"valueRequired\":true,\"valueName\":\"search_term_string\"}}],\"inLanguage\":\"tr\"}]}<\/script>\n<!-- \/ Yoast SEO plugin. -->","yoast_head_json":{"title":"Uyan\u0131\u015f\u0131n G\u00f6z\u00fc - Ma\u011fazam","robots":{"index":"index","follow":"follow","max-snippet":"max-snippet:-1","max-image-preview":"max-image-preview:large","max-video-preview":"max-video-preview:-1"},"canonical":"https:\/\/lolanstudio.com\/index.php\/urun\/uyanisin-gozu\/","og_locale":"tr_TR","og_type":"article","og_title":"Uyan\u0131\u015f\u0131n G\u00f6z\u00fc - Ma\u011fazam","og_description":"Berrak bir sabah\u0131n \u0131\u015f\u0131\u011f\u0131nda Lolan\u2019\u0131n g\u00fcm\u00fc\u015f\u00fcn\u00fcn serinli\u011fi, sedef ta\u015f\u0131n\u0131n e\u015flik\u00e7isiyle g\u00f6z\u00fc a\u00e7\u0131yor. Kirpiklerdeki mavi boncuklar g\u00f6ky\u00fcz\u00fcyle olan ba\u011f\u0131n\u0131 ta\u015f\u0131yor. Titrek gibi g\u00f6r\u00fcnen mavi ta\u015flar asl\u0131nda kendinden emin ve taze bir g\u00fcne haz\u0131r.","og_url":"https:\/\/lolanstudio.com\/index.php\/urun\/uyanisin-gozu\/","og_site_name":"Ma\u011fazam","article_modified_time":"2026-04-15T17:29:04+00:00","og_image":[{"width":1000,"height":1000,"url":"https:\/\/lolanstudio.com\/wp-content\/uploads\/2026\/03\/Uyanisin-Gozu-1.jpg","type":"image\/jpeg"}],"twitter_card":"summary_large_image","twitter_misc":{"Tahmini okuma s\u00fcresi":"1 dakika"},"schema":{"@context":"https:\/\/schema.org","@graph":[{"@type":"WebPage","@id":"https:\/\/lolanstudio.com\/index.php\/urun\/uyanisin-gozu\/","url":"https:\/\/lolanstudio.com\/index.php\/urun\/uyanisin-gozu\/","name":"Uyan\u0131\u015f\u0131n G\u00f6z\u00fc - Ma\u011fazam","isPartOf":{"@id":"https:\/\/lolanstudio.com\/#website"},"primaryImageOfPage":{"@id":"https:\/\/lolanstudio.com\/index.php\/urun\/uyanisin-gozu\/#primaryimage"},"image":{"@id":"https:\/\/lolanstudio.com\/index.php\/urun\/uyanisin-gozu\/#primaryimage"},"thumbnailUrl":"https:\/\/lolanstudio.com\/wp-content\/uploads\/2026\/03\/Uyanisin-Gozu-1.jpg","datePublished":"2026-03-19T17:45:38+00:00","dateModified":"2026-04-15T17:29:04+00:00","breadcrumb":{"@id":"https:\/\/lolanstudio.com\/index.php\/urun\/uyanisin-gozu\/#breadcrumb"},"inLanguage":"tr","potentialAction":[{"@type":"ReadAction","target":["https:\/\/lolanstudio.com\/index.php\/urun\/uyanisin-gozu\/"]}]},{"@type":"ImageObject","inLanguage":"tr","@id":"https:\/\/lolanstudio.com\/index.php\/urun\/uyanisin-gozu\/#primaryimage","url":"https:\/\/lolanstudio.com\/wp-content\/uploads\/2026\/03\/Uyanisin-Gozu-1.jpg","contentUrl":"https:\/\/lolanstudio.com\/wp-content\/uploads\/2026\/03\/Uyanisin-Gozu-1.jpg","width":1000,"height":1000},{"@type":"BreadcrumbList","@id":"https:\/\/lolanstudio.com\/index.php\/urun\/uyanisin-gozu\/#breadcrumb","itemListElement":[{"@type":"ListItem","position":1,"name":"Anasayfa","item":"https:\/\/lolanstudio.com\/"},{"@type":"ListItem","position":2,"name":"Shop","item":"https:\/\/lolanstudio.com\/index.php\/shop\/"},{"@type":"ListItem","position":3,"name":"Uyan\u0131\u015f\u0131n G\u00f6z\u00fc"}]},{"@type":"WebSite","@id":"https:\/\/lolanstudio.com\/#website","url":"https:\/\/lolanstudio.com\/","name":"Ma\u011fazam","description":"","potentialAction":[{"@type":"SearchAction","target":{"@type":"EntryPoint","urlTemplate":"https:\/\/lolanstudio.com\/?s={search_term_string}"},"query-input":{"@type":"PropertyValueSpecification","valueRequired":true,"valueName":"search_term_string"}}],"inLanguage":"tr"}]}},"_links":{"self":[{"href":"https:\/\/lolanstudio.com\/index.php\/wp-json\/wp\/v2\/product\/27144","targetHints":{"allow":["GET"]}}],"collection":[{"href":"https:\/\/lolanstudio.com\/index.php\/wp-json\/wp\/v2\/product"}],"about":[{"href":"https:\/\/lolanstudio.com\/index.php\/wp-json\/wp\/v2\/types\/product"}],"replies":[{"embeddable":true,"href":"https:\/\/lolanstudio.com\/index.php\/wp-json\/wp\/v2\/comments?post=27144"}],"version-history":[{"count":1,"href":"https:\/\/lolanstudio.com\/index.php\/wp-json\/wp\/v2\/product\/27144\/revisions"}],"predecessor-version":[{"id":27146,"href":"https:\/\/lolanstudio.com\/index.php\/wp-json\/wp\/v2\/product\/27144\/revisions\/27146"}],"wp:featuredmedia":[{"embeddable":true,"href":"https:\/\/lolanstudio.com\/index.php\/wp-json\/wp\/v2\/media\/27151"}],"wp:attachment":[{"href":"https:\/\/lolanstudio.com\/index.php\/wp-json\/wp\/v2\/media?parent=27144"}],"wp:term":[{"taxonomy":"product_brand","embeddable":true,"href":"https:\/\/lolanstudio.com\/index.php\/wp-json\/wp\/v2\/product_brand?post=27144"},{"taxonomy":"product_cat","embeddable":true,"href":"https:\/\/lolanstudio.com\/index.php\/wp-json\/wp\/v2\/product_cat?post=27144"},{"taxonomy":"product_tag","embeddable":true,"href":"https:\/\/lolanstudio.com\/index.php\/wp-json\/wp\/v2\/product_tag?post=27144"}],"curies":[{"name":"wp","href":"https:\/\/api.w.org\/{rel}","templated":true}]}}